48)?
2
Let s(y) = -y**3 - 14*y**2 - 39*y - 26. Let m be s(-11). Let b = m + 30. What is the remainder when 129 is divided by b?
59
Let y = 195 - -14. Let v(b) = -b**3 - 214*b**2 - 354*b - 75712. Calculate the remainder when y is divided by v(-214).
33
Let p(u) = -u**2 - 32*u - 46. Let s be p(-25). Suppose 15*q - s + 39 = 0. Calculate the remainder when 10 is divided by q.
4
Let v(u) = -196*u - 5. Let t be v(1). Let i = -143 - t. Suppose 5*c + 3*a = i, -c - c + 2*a + 36 = 0. Calculate the remainder when c is divided by 8.
6
Let d(b) be the first derivative of 7*b**3/3 + 31*b**2/2 - b - 57. Calculate the remainder when d(-7) is divided by 32.
29
Let c be ((-90)/36)/(2/(-8)). Let m(g) = 0 + g**3 + 11 - c*g**2 - 10 + 11*g. What is the remainder when m(9) is divided by 9?
1
Let x = -4839 + 4842. Calculate the remainder when 37 is divided by x.
1
Let b be (2038/15 + 2/15)*1. Suppose 6*m - 140 - b = 0. Suppose 5*c - m - 64 = 0. Calculate the remainder when c is divided by 12.
10
Let h = 1234 + -926. Calculate the remainder when h is divided by 93.
29
Suppose -4*l = 4*g - 732, 3*l = 2*l + 4*g + 198. What is the remainder when l is divided by (-3)/((-1 - 1)/(-1)) - (-5016)/912?
2
Let l(s) = -8*s**3 - 326*s**2 + 73*s - 339. Calculate the remainder when (-1162)/(-3) + 4/6 is divided by l(-41).
28
Let h = 16063 - 15895. Calculate the remainder when h is divided by 49.
21
Suppose -355*r + 3690 = -349*r. What is the remainder when r is divided by 130?
95
Calculate the remainder when 69/(18*19/7296) is divided by 11.
9
Let c(z) be the second derivative of 3*z**3 - 10*z**2 - 204*z. Calculate the remainder when 252 is divided by c(4).
44
Let o = 107 - 303. Let u = 120 - o. Calculate the remainder when u is divided by 82.
70
Suppose 5*r + 4*g = -1091, -g - 409 = 5*r + 685. Suppose d - 15 = -0*d. What is the remainder when ((-6)/(-9))/((-1097)/r + -5) is divided by d?
13
Suppose -4 = -2*c - 2*c. Calculate the remainder when (-2)/13 + 4640/416 is divided by c.
0
Let t(r) = 3*r**3 - r**2 - 2*r + 3. Let a be t(1). Suppose -a*k = -2*k - 5*s - 31, 2*s = k - 22. Calculate the remainder when 69 is divided by k.
5
Let d(f) be the first derivative of 2*f**3 + f**2/2 + 2*f + 21. Let p be d(-4). Let t = p - 76. Calculate the remainder when 29 is divided by t.
11
Calculate the remainder when 8 - 3060/72*(-8 + -2) is divided by 137.
22
Let v(p) = -p**2 + 0 - 3*p + 9*p + 6*p - 3. Suppose -37*i + 0*i - 87*i = -13888. What is the remainder when i is divided by v(8)?
25
Suppose -308*g = -312*g + 4700. Calculate the remainder when g is divided by 98.
97
Let o = -31504 - -31523. Let k = -25 + 37. What is the remainder when o is divided by k?
7
Suppose 47 - 141 = 10*d - 3734. Calculate the remainder when d is divided by 16.
12
Suppose 11*c + 2372 = 75214. What is the remainder when c is divided by 53?
50
Suppose 8*u - 357 - 211 = 0. Suppose 45*j - 1916 = 42*j + 5*d, -4*j + 2547 = d. What is the remainder when j is divided by u?
69
Let m = -45 - -50. Suppose s - 23 = -3*w - s, 2*s - m = -w. Suppose 146 + 196 = w*a. What is the remainder when 73 is divided by a?
35
Let r = 20 + -17. Suppose -92 = -4*t - r*k, k = -2*t + 3*k + 60. Suppose 5*q - 3*a - 12 = 23, -4*q = 3*a - 28. What is the remainder when t is divided by q?
5
Let p = 1 - -4. Let j be 70/(-4) - ((-26)/(-4) - 6). Calculate the remainder when 40 is divided by j/45 - (0 - 77/p).
10
Let z be (-42)/15*20/(-2). Suppose 2*q = 105 + 59. Calculate the remainder when q is divided by z*7/8*18/21.
19
What is the remainder when 1003 is divided by (3*(-35)/42)/((-2)/12)?
13
Suppose 20*t + 14*t - 20*t - 1176 = 0. What is the remainder when t is divided by (-24)/(-18)*(18 + 0)?
12
Suppose -4*h = 0, -2*h - 113 = -k + 285. Suppose -27*u + k = -412. What is the remainder when 95 is divided by u?
5
What is the remainder when 55 is divided by (-726)/(-18) + 1/(-12) + 5/(-20)?
15
Let q = -43 + 40. Let b be ((-30)/(-20))/(q/2384). What is the remainder when b/12*(-12)/8 is divided by 38?
35
Suppose 2*v + 51 = b - 2, 2*v - 8 = 0. What is the remainder when 10748/60 + (-12)/90 is divided by b?
57
What is the remainder when 1333 is divided by (-23)/(46/(-712))*(-1)/(-4)?
87
Suppose -5*i + 2*i - 3 = 0. Let x = 555 + -416. Calculate the remainder when x is divided by 36 - (i + (-2 - -3))/1.
31
Let i = 166 - 169. Let d(n) = 4*n**2 + 13*n + 14. What is the remainder when 703 is divided by d(i)?
10
Let v = -417 + 421. What is the remainder when 172 is divided by 323/13 - (-5)/130*v?
22
Let c be 26/39*(-1 - 53). Let d = c + 39. Suppose d*j + 0*j = -3*v + 12, 2*v - 3*j = 18. Calculate the remainder when 10 is divided by v.
4
Suppose -20 = -z - 2*h + 42, -5*z + 364 = h. What is the remainder when 277 is divided by z?
55
Suppose 0 = 54*w - 248*w + 5626. Calculate the remainder when 3272 is divided by w.
24
Let h(z) = z**2 + 316*z - 2178. Calculate the remainder when 247 is divided by h(7).
81
Suppose 6*d - d = -5*s + 85, 2*s = 2*d - 34. Calculate the remainder when 711 is divided by d.
14
Suppose 29146 = 70*q + 48*q. What is the remainder when 268 is divided by q?
21
Let g = -4382 + 9089. What is the remainder when g is divided by 157?
154
Let v(t) = -t**2 + 62*t + 496. What is the remainder when v(0) is divided by 236?
24
Let j = -262 + 286. Let h(l) = -3*l**3 - 4*l**2 + 5*l - 4. Let o be h(-8). What is the remainder when o/18 - 2/(-6) is divided by j?
21
Let r = 297 + -392. What is the remainder when 57 is divided by (-38)/r - (-24)/(-10) - -24?
13
Suppose b - 5 = 0, 5*t + 15*b - 205 = 16*b. What is the remainder when t/(-9)*(-270)/21 is divided by 7?
4
Calculate the remainder when 740 is divided by 0 - -18 - 32*(-24)/(-192).
12
Let v(r) = 15*r**2 - 8*r - 6. Let q be v(5). Suppose 206 = -3*h + q. What is the remainder when 2 + -2 + (-5 - -85) is divided by h?
39
Let v(w) = -1 + 3 - 46*w**3 - 4*w + 7*w - 98*w**3. Suppose -47*o - 24 = -23*o. What is the remainder when v(o) is divided by 18?
17
Let d = -6513 - -6518. Calculate the remainder when 1*19 - (-4)/(-4) is divided by d.
3
Let f = 416 + -224. Calculate the remainder when f is divided by 14.
10
Suppose 5*b + 10 = 0, -2*b - 9 = -d - 5*b. Suppose -407 = 14*i + 489. Calculate the remainder when 18/(-84)*i*14 is divided by d.
12
Suppose -13*v + 1632 + 300 = -v. Calculate the remainder when 286 is divided by v.
125
Let z = 21 - -9. Calculate the remainder when 175 is divided by (0 - (-3 - -6))/((-2)/z).
40
Suppose 3*i - 3*l - 2229 = -2*l, 3707 = 5*i - 3*l. What is the remainder when i is divided by 236?
37
Suppose -3*o - 2679 = -4*h, 30*h - 641 = 29*h - 5*o. Suppose 194 = 43*v - h. What is the remainder when 88 is divided by v?
8
Let x(f) = -f**3 + 5*f**2 + 12*f - 8. Let q be x(6). Suppose 4*p = 12, 0 = 8*j - 3*j + p - q. Calculate the remainder when j is divided by 2.
1
Let x = 29620 - 25997. What is the remainder when x is divided by 49?
46
Let v be (-2 - 2) + (91 - -4) + 0. Let r = 166 - v. What is the remainder when r is divided by 27?
21
Suppose -3*g + 258 = -g. Let v = -507 - -503. Let a(u) = -27*u - 75. What is the remainder when g is divided by a(v)?
30
Let q(z) = 2*z**2 + 32*z + 34. Let v be q(-15). Suppose 3*c = -12, 5*k - v*c - 939 = 182. What is the remainder when k is divided by 56?
53
Let m(h) = -115*h + 1324. What is the remainder when m(-30) is divided by 12?
10
Let j(f) = -111*f - 423. Let p be j(-4). Suppose -12*o + 66 = p*o. Let v = 28 + -20. What is the remainder when v is divided by o?
0
Calculate the remainder when 229 is divided by 6*(3 - 2) - (-2106)/78.
31
Let w be (-20)/(-50) - (-26)/10. Suppose 0 = -w*t - 0*t + 9, -2*n - 23 = 3*t. Let r = 26 + n. What is the remainder when 49 is divided by r?
9
Let c(s) = -s**2 - 5*s. Let p be c(-3). Suppose 10 = p*n - n, v - n = -1. Suppose -2*w + 21 - v = 0. Calculate the remainder when 47 is divided by w.
7
Let p(n) = n**3 + 3*n**2 + n - 2. Suppose -a + 20 = h + 16, -14 = -2*h - 5*a. Calculate the remainder when 439 is divided by p(h).
19
Let m(v) = -v**3 - 20*v**2 - 77*v + 7. Let z be m(-6). Calculate the remainder when (-2)/7 - 597/(-7) is divided by (-30)/z*105/6.
10
Let i be 0 - (-62)/14 - 144/336. Suppose -25 = -2*h + 3*n, i*n = -3*h + n + 15. Calculate the remainder when 79 is divided by h.
7
Let r(i) = -1 - 9 + 15*i - i + 0 + 16 + 